	{"id":27523,"date":"2022-09-20T22:19:30","date_gmt":"2022-09-20T20:19:30","guid":{"rendered":"https:\/\/www.megastitch.eu\/?post_type=product&#038;p=27523"},"modified":"2022-09-23T11:03:35","modified_gmt":"2022-09-23T09:03:35","slug":"zimny-veniec","status":"publish","type":"product","link":"https:\/\/www.megastitch.eu\/cs\/obchod\/predlohy-na-vysivanie\/male-predlohy\/zimny-veniec\/","title":{"rendered":"Zimn\u00fd veniec"},"content":{"rendered":"<div class=\"nolwrap\"><p class=\"Standard\" style=\"margin-bottom: 0cm\">Vence s\u00fa neodmyslite\u013enou s\u00fa\u010das\u0165ou viano\u010dnej v\u00fdzdoby. \u010ci u\u017e maj\u00fa podobu toho adventn\u00e9ho, alebo s\u00fa dekor\u00e1ciou na dver\u00e1ch a okn\u00e1ch.<\/p>\n<p class=\"Standard\" style=\"margin-bottom: 0cm\">Vedeli ste, \u017ee veniec symbolizuje kolobeh ve\u010dn\u00e9ho \u017eivota a radostn\u00e9ho o\u010dak\u00e1vania? Do domu vraj prin\u00e1\u0161a rados\u0165, \u010des\u0165 a sl\u00e1vu. Privolajte si ich k sebe, jeho vy\u0161\u00edvan\u00edm.<\/p>\n<p class=\"Standard\" style=\"margin-bottom: 0cm\">N\u00e1dhern\u00fd viano\u010dn\u00fd mot\u00edv na \u0148om, perfektne lad\u00ed s ostatn\u00fdmi viano\u010dn\u00fdmi predlohami.<\/p>\n<p class=\"Standard\" style=\"margin-bottom: 0cm\">Pre veniec v\u00a0 \u010dervenej farbe, pou\u017eite DMC 814, pre zelen\u00fa 3847.<\/p>\n<p>Autor ilustr\u00e1cie: <a title=\"Illustrator: Oksana Nikitina\" href=\"https:\/\/www.instagram.com\/ilya_petruk\/\" target=\"_blank\" rel=\"noopener noreferrer\">Ilya Petruk<\/a><\/p>\n<p>Autorka predlohy: <strong>M\u00e1ria Erbenov\u00e1\u00a0<\/strong><\/p>\n<h4>Inform\u00e1cie o predlohe:<\/h4>\n<p><strong>Po\u010det kr\u00ed\u017eikov: 80 x 80<br \/>\n<\/strong><\/p>\n<p><strong>Rozmer l\u00e1tky:<\/strong> 14.51 x 14.51 cm<br \/>\n<strong>L\u00e1tka<\/strong>: 14 ct\u00a0 aida<br \/>\n<strong>Bavlnky: <\/strong>DMC<br \/>\n<strong>Po\u010det farieb: <\/strong>28 + 6 blendov<br \/>\n<strong>Pou\u017eit\u00e9 techniky:<\/strong> kr\u00ed\u017eiky, ob\u0161\u00edvanie, franc\u00fazke uzl\u00edky<\/p>\n<h4>S\u00fabory na stiahnutie:<\/h4>\n<ul>\n<li><strong>pdf s\u00fabor<\/strong>\n<ul>\n<li>v \u010dierno-bielej verzii &#8211; s ob\u0161\u00edvan\u00edm a bez ob\u0161\u00edvania,<\/li>\n<li>vo farebnej verzii &#8211; s ob\u0161\u00edvan\u00edm a bez ob\u0161\u00edvania<\/li>\n<\/ul>\n<\/li>\n<li><strong>cssaga s\u00fabor<\/strong><\/li>\n<\/ul>\n<\/div>","protected":false},"excerpt":{"rendered":"<h4>Zelen\u00fd veniec s n\u00e1dhern\u00fdm mot\u00edvom, perfektne pod\u010diarkne t\u00fa prav\u00fa viano\u010dn\u00fa atmosf\u00e9ru.<\/h4>\n<p><strong>Po\u010det kr\u00ed\u017eikov: 80 x 80<\/strong><br \/>\n<strong>Rozmer l\u00e1tky: 14.51 x 14.51 cm<\/strong><br \/>\n<strong>L\u00e1tka<\/strong>: 14 ct\u00a0 Aida<br \/>\n<strong>Bavlnky: <\/strong>DMC<br \/>\n<strong>Po\u010det farieb: <\/strong>28 + 6 blendov<br \/>\n<strong>Pou\u017eit\u00e9 techniky:<\/strong> kr\u00ed\u017eiky,\u00a0 ob\u0161\u00edvanie, franc\u00fazske uzl\u00edky<\/p>\n","protected":false},"featured_media":27524,"comment_status":"open","ping_status":"closed","template":"","meta":{"_uag_custom_page_level_css":"","ngg_post_thumbnail":0},"product_cat":[134,131,171],"product_tag":[258,319,46,254],"aioseo_notices":[],"featured_image_urls":{"full":["https:\/\/www.megastitch.eu\/wp-content\/uploads\/2022\/09\/winter_wreath_frame.jpg",840,843,false],"thumbnail":["https:\/\/www.megastitch.eu\/wp-content\/uploads\/2022\/09\/winter_wreath_frame-150x150.jpg",150,150,true],"medium":["https:\/\/www.megastitch.eu\/wp-content\/uploads\/2022\/09\/winter_wreath_frame-300x300.jpg",300,300,true],"medium_large":["https:\/\/www.megastitch.eu\/wp-content\/uploads\/2022\/09\/winter_wreath_frame-768x771.jpg",768,771,true],"large":["https:\/\/www.megastitch.eu\/wp-content\/uploads\/2022\/09\/winter_wreath_frame.jpg",840,843,false],"1536x1536":["https:\/\/www.megastitch.eu\/wp-content\/uploads\/2022\/09\/winter_wreath_frame.jpg",840,843,false],"2048x2048":["https:\/\/www.megastitch.eu\/wp-content\/uploads\/2022\/09\/winter_wreath_frame.jpg",840,843,false],"ultp_layout_landscape_large":["https:\/\/www.megastitch.eu\/wp-content\/uploads\/2022\/09\/winter_wreath_frame-840x800.jpg",840,800,true],"ultp_layout_landscape":["https:\/\/www.megastitch.eu\/wp-content\/uploads\/2022\/09\/winter_wreath_frame-840x570.jpg",840,570,true],"ultp_layout_portrait":["https:\/\/www.megastitch.eu\/wp-content\/uploads\/2022\/09\/winter_wreath_frame-600x843.jpg",600,843,true],"ultp_layout_square":["https:\/\/www.megastitch.eu\/wp-content\/uploads\/2022\/09\/winter_wreath_frame-600x600.jpg",600,600,true],"molla_post-grid":["https:\/\/www.megastitch.eu\/wp-content\/uploads\/2022\/09\/winter_wreath_frame-400x267.jpg",400,267,true],"woocommerce_thumbnail":["https:\/\/www.megastitch.eu\/wp-content\/uploads\/2022\/09\/winter_wreath_frame-300x301.jpg",300,301,true],"woocommerce_single":["https:\/\/www.megastitch.eu\/wp-content\/uploads\/2022\/09\/winter_wreath_frame-600x602.jpg",600,602,true],"woocommerce_gallery_thumbnail":["https:\/\/www.megastitch.eu\/wp-content\/uploads\/2022\/09\/winter_wreath_frame-100x100.jpg",100,100,true]},"post_excerpt_stackable":"<h4>Zelen\u00fd veniec s n\u00e1dhern\u00fdm mot\u00edvom, perfektne pod\u010diarkne t\u00fa prav\u00fa viano\u010dn\u00fa atmosf\u00e9ru.<\/h4>\n<p><strong>Po\u010det kr\u00ed\u017eikov: 80 x 80<\/strong><br \/>\n<strong>Rozmer l\u00e1tky: 14.51 x 14.51 cm<\/strong><br \/>\n<strong>L\u00e1tka<\/strong>: 14 ct\u00a0 Aida<br \/>\n<strong>Bavlnky: <\/strong>DMC<br \/>\n<strong>Po\u010det farieb: <\/strong>28 + 6 blendov<br \/>\n<strong>Pou\u017eit\u00e9 techniky:<\/strong> kr\u00ed\u017eiky,\u00a0 ob\u0161\u00edvanie, franc\u00fazske uzl\u00edky<\/p>\n","category_list":"","author_info":{"name":"","url":""},"comments_num":"0 comments","featured_image_urls_v2":{"full":["https:\/\/www.megastitch.eu\/wp-content\/uploads\/2022\/09\/winter_wreath_frame.jpg",840,843,false],"thumbnail":["https:\/\/www.megastitch.eu\/wp-content\/uploads\/2022\/09\/winter_wreath_frame-150x150.jpg",150,150,true],"medium":["https:\/\/www.megastitch.eu\/wp-content\/uploads\/2022\/09\/winter_wreath_frame-300x300.jpg",300,300,true],"medium_large":["https:\/\/www.megastitch.eu\/wp-content\/uploads\/2022\/09\/winter_wreath_frame-768x771.jpg",768,771,true],"large":["https:\/\/www.megastitch.eu\/wp-content\/uploads\/2022\/09\/winter_wreath_frame.jpg",840,843,false],"1536x1536":["https:\/\/www.megastitch.eu\/wp-content\/uploads\/2022\/09\/winter_wreath_frame.jpg",840,843,false],"2048x2048":["https:\/\/www.megastitch.eu\/wp-content\/uploads\/2022\/09\/winter_wreath_frame.jpg",840,843,false],"ultp_layout_landscape_large":["https:\/\/www.megastitch.eu\/wp-content\/uploads\/2022\/09\/winter_wreath_frame-840x800.jpg",840,800,true],"ultp_layout_landscape":["https:\/\/www.megastitch.eu\/wp-content\/uploads\/2022\/09\/winter_wreath_frame-840x570.jpg",840,570,true],"ultp_layout_portrait":["https:\/\/www.megastitch.eu\/wp-content\/uploads\/2022\/09\/winter_wreath_frame-600x843.jpg",600,843,true],"ultp_layout_square":["https:\/\/www.megastitch.eu\/wp-content\/uploads\/2022\/09\/winter_wreath_frame-600x600.jpg",600,600,true],"molla_post-grid":["https:\/\/www.megastitch.eu\/wp-content\/uploads\/2022\/09\/winter_wreath_frame-400x267.jpg",400,267,true],"woocommerce_thumbnail":["https:\/\/www.megastitch.eu\/wp-content\/uploads\/2022\/09\/winter_wreath_frame-300x301.jpg",300,301,true],"woocommerce_single":["https:\/\/www.megastitch.eu\/wp-content\/uploads\/2022\/09\/winter_wreath_frame-600x602.jpg",600,602,true],"woocommerce_gallery_thumbnail":["https:\/\/www.megastitch.eu\/wp-content\/uploads\/2022\/09\/winter_wreath_frame-100x100.jpg",100,100,true]},"post_excerpt_stackable_v2":"<h4>Zelen\u00fd veniec s n\u00e1dhern\u00fdm mot\u00edvom, perfektne pod\u010diarkne t\u00fa prav\u00fa viano\u010dn\u00fa atmosf\u00e9ru.<\/h4>\n<p><strong>Po\u010det kr\u00ed\u017eikov: 80 x 80<\/strong><br \/>\n<strong>Rozmer l\u00e1tky: 14.51 x 14.51 cm<\/strong><br \/>\n<strong>L\u00e1tka<\/strong>: 14 ct\u00a0 Aida<br \/>\n<strong>Bavlnky: <\/strong>DMC<br \/>\n<strong>Po\u010det farieb: <\/strong>28 + 6 blendov<br \/>\n<strong>Pou\u017eit\u00e9 techniky:<\/strong> kr\u00ed\u017eiky,\u00a0 ob\u0161\u00edvanie, franc\u00fazske uzl\u00edky<\/p>\n","category_list_v2":"","author_info_v2":{"name":"","url":""},"comments_num_v2":"0 comments","uagb_featured_image_src":{"full":["https:\/\/www.megastitch.eu\/wp-content\/uploads\/2022\/09\/winter_wreath_frame.jpg",840,843,false],"thumbnail":["https:\/\/www.megastitch.eu\/wp-content\/uploads\/2022\/09\/winter_wreath_frame-150x150.jpg",150,150,true],"medium":["https:\/\/www.megastitch.eu\/wp-content\/uploads\/2022\/09\/winter_wreath_frame-300x300.jpg",300,300,true],"medium_large":["https:\/\/www.megastitch.eu\/wp-content\/uploads\/2022\/09\/winter_wreath_frame-768x771.jpg",768,771,true],"large":["https:\/\/www.megastitch.eu\/wp-content\/uploads\/2022\/09\/winter_wreath_frame.jpg",840,843,false],"1536x1536":["https:\/\/www.megastitch.eu\/wp-content\/uploads\/2022\/09\/winter_wreath_frame.jpg",840,843,false],"2048x2048":["https:\/\/www.megastitch.eu\/wp-content\/uploads\/2022\/09\/winter_wreath_frame.jpg",840,843,false],"ultp_layout_landscape_large":["https:\/\/www.megastitch.eu\/wp-content\/uploads\/2022\/09\/winter_wreath_frame-840x800.jpg",840,800,true],"ultp_layout_landscape":["https:\/\/www.megastitch.eu\/wp-content\/uploads\/2022\/09\/winter_wreath_frame-840x570.jpg",840,570,true],"ultp_layout_portrait":["https:\/\/www.megastitch.eu\/wp-content\/uploads\/2022\/09\/winter_wreath_frame-600x843.jpg",600,843,true],"ultp_layout_square":["https:\/\/www.megastitch.eu\/wp-content\/uploads\/2022\/09\/winter_wreath_frame-600x600.jpg",600,600,true],"molla_post-grid":["https:\/\/www.megastitch.eu\/wp-content\/uploads\/2022\/09\/winter_wreath_frame-400x267.jpg",400,267,true],"woocommerce_thumbnail":["https:\/\/www.megastitch.eu\/wp-content\/uploads\/2022\/09\/winter_wreath_frame-300x301.jpg",300,301,true],"woocommerce_single":["https:\/\/www.megastitch.eu\/wp-content\/uploads\/2022\/09\/winter_wreath_frame-600x602.jpg",600,602,true],"woocommerce_gallery_thumbnail":["https:\/\/www.megastitch.eu\/wp-content\/uploads\/2022\/09\/winter_wreath_frame-100x100.jpg",100,100,true]},"uagb_author_info":{"display_name":"pagacova","author_link":"https:\/\/www.megastitch.eu\/cs\/author\/"},"uagb_comment_info":0,"uagb_excerpt":"Zelen\u00fd veniec s n\u00e1dhern\u00fdm mot\u00edvom, perfektne pod\u010diarkne t\u00fa prav\u00fa viano\u010dn\u00fa atmosf\u00e9ru. Po\u010det kr\u00ed\u017eikov: 80 x 80 Rozmer l\u00e1tky: 14.51 x 14.51 cm L\u00e1tka: 14 ct\u00a0 Aida Bavlnky: DMC Po\u010det farieb: 28 + 6 blendov Pou\u017eit\u00e9 techniky: kr\u00ed\u017eiky,\u00a0 ob\u0161\u00edvanie, franc\u00fazske uzl\u00edky","_links":{"self":[{"href":"https:\/\/www.megastitch.eu\/cs\/wp-json\/wp\/v2\/product\/27523"}],"collection":[{"href":"https:\/\/www.megastitch.eu\/cs\/wp-json\/wp\/v2\/product"}],"about":[{"href":"https:\/\/www.megastitch.eu\/cs\/wp-json\/wp\/v2\/types\/product"}],"replies":[{"embeddable":true,"href":"https:\/\/www.megastitch.eu\/cs\/wp-json\/wp\/v2\/comments?post=27523"}],"wp:featuredmedia":[{"embeddable":true,"href":"https:\/\/www.megastitch.eu\/cs\/wp-json\/wp\/v2\/media\/27524"}],"wp:attachment":[{"href":"https:\/\/www.megastitch.eu\/cs\/wp-json\/wp\/v2\/media?parent=27523"}],"wp:term":[{"taxonomy":"product_cat","embeddable":true,"href":"https:\/\/www.megastitch.eu\/cs\/wp-json\/wp\/v2\/product_cat?post=27523"},{"taxonomy":"product_tag","embeddable":true,"href":"https:\/\/www.megastitch.eu\/cs\/wp-json\/wp\/v2\/product_tag?post=27523"}],"curies":[{"name":"wp","href":"https:\/\/api.w.org\/{rel}","templated":true}]}}

Zimný veniec

<div class="nolwrap"><p class="Standard" style="margin-bottom: 0cm">Vence sú neodmysliteľnou súčasťou vianočnej výzdoby. Či už majú podobu toho adventného, alebo sú dekoráciou na dverách a oknách.</p>
<p class="Standard" style="margin-bottom: 0cm">Vedeli ste, že veniec symbolizuje kolobeh večného života a radostného očakávania? Do domu vraj prináša radosť, česť a slávu. Privolajte si ich k sebe, jeho vyšívaním.</p>
<p class="Standard" style="margin-bottom: 0cm">Nádherný vianočný motív na ňom, perfektne ladí s ostatnými vianočnými predlohami.</p>
<p class="Standard" style="margin-bottom: 0cm">Pre veniec v  červenej farbe, použite DMC 814, pre zelenú 3847.</p>
<p>Autor ilustrácie: <a title="Illustrator: Oksana Nikitina" href="https://www.instagram.com/ilya_petruk/" target="_blank" rel="noopener noreferrer">Ilya Petruk</a></p>
<p>Autorka predlohy: <strong>Mária Erbenová </strong></p>
<h4>Informácie o predlohe:</h4>
<p><strong>Počet krížikov: 80 x 80<br />
</strong></p>
<p><strong>Rozmer látky:</strong> 14.51 x 14.51 cm<br />
<strong>Látka</strong>: 14 ct  aida<br />
<strong>Bavlnky: </strong>DMC<br />
<strong>Počet farieb: </strong>28 + 6 blendov<br />
<strong>Použité techniky:</strong> krížiky, obšívanie, francúzke uzlíky</p>
<h4>Súbory na stiahnutie:</h4>
<ul>
<li><strong>pdf súbor</strong>
<ul>
<li>v čierno-bielej verzii &#8211; s obšívaním a bez obšívania,</li>
<li>vo farebnej verzii &#8211; s obšívaním a bez obšívania</li>
</ul>
</li>
<li><strong>cssaga súbor</strong></li>
</ul>
</div>

<h4>Zelený veniec s nádherným motívom, perfektne podčiarkne tú pravú vianočnú atmosféru.</h4>
<p><strong>Počet krížikov: 80 x 80</strong><br />
<strong>Rozmer látky: 14.51 x 14.51 cm</strong><br />
<strong>Látka</strong>: 14 ct  Aida<br />
<strong>Bavlnky: </strong>DMC<br />
<strong>Počet farieb: </strong>28 + 6 blendov<br />
<strong>Použité techniky:</strong> krížiky,  obšívanie, francúzske uzlíky</p>

Zelený veniec s nádherným motívom, perfektne podčiarkne tú pravú vianočnú atmosféru. Počet krížikov: 80 x 80 Rozmer látky: 14.51 x 14.51 cm Látka: 14 ct  Aida Bavlnky: DMC Počet farieb: 28 + 6 blendov Použité techniky: krížiky,  obšívanie, francúzske uzlíky
